f 223367252?
6
What is the ten millions digit of 215456725?
1
What is the hundreds digit of 45839011?
0
What is the tens digit of 1463429765?
6
What is the hundred millions digit of 102601580?
1
What is the ten thousands digit of 509189832?
8
What is the hundred thousands digit of 19638020?
6
What is the hundred millions digit of 112902788?
1
What is the ten millions digit of 267059838?
6
What is the thousands digit of 4585075263?
5
What is the ten thousands digit of 1672908?
7
What is the tens digit of 45461033?
3
What is the ten thousands digit of 296521528?
2
What is the ten thousands digit of 3685253793?
5
What is the millions digit of 1151647030?
1
What is the tens digit of 327312956?
5
What is the thousands digit of 157893351?
3
What is the millions digit of 1476437436?
6
What is the ten thousands digit of 431085257?
8
What is the units digit of 9030855?
5
What is the units digit of 19639997?
7
What is the hundreds digit of 116866456?
4
What is the thousands digit of 184679762?
9
What is the hundreds digit of 504662007?
0
What is the ten millions digit of 91738863?
9
What is the hundred thousands digit of 315945731?
9
What is the hundreds digit of 88859212?
2
What is the ten millions digit of 222919807?
2
What is the thousands digit of 3664454650?
4
What is the tens digit of 147462588?
8
What is the units digit of 43702210?
0
What is the ten millions digit of 365446486?
6
What is the ten millions digit of 597185812?
9
What is the hundreds digit of 295799601?
6
What is the tens digit of 1195984119?
1
What is the units digit of 123921388?
8
What is the hundred thousands digit of 43967465?
9
What is the tens digit of 13787264?
6
What is the ten thousands digit of 38548095?
4
What is the ten millions digit of 209878280?
0
What is the ten thousands digit of 210366892?
6
What is the hundreds digit of 974180378?
3
What is the units digit of 51089007?
7
What is the ten thousands digit of 381208030?
0
What is the hundreds digit of 1485930?
9
What is the thousands digit of 182624924?
4
What is the ten thousands digit of 1904592029?
9
What is the hundreds digit of 520538519?
5
What is the ten thousands digit of 80562133?
6
What is the units digit of 35638850?
0
What is the thousands digit of 2750078460?
8
What is the hundred thousands digit of 282559733?
5
What is the tens digit of 5534088383?
8
What is the units digit of 3260810726?
6
What is the ten millions digit of 31541496?
3
What is the hundred millions digit of 208534989?
2
What is the hundreds digit of 555068137?
1
What is the ten thousands digit of 1634659566?
5
What is the millions digit of 1287520506?
7
What is the thousands digit of 6110947940?
7
What is the hundreds digit of 3222927817?
8
What is the units digit of 257946313?
3
What is the hundreds digit of 106278466?
4
What is the hundreds digit of 39097709?
7
What is the hundred millions digit of 958234614?
9
What is the thousands digit of 736321092?
1
What is the thousands digit of 103035407?
5
What is the millions digit of 161397726?
1
What is the units digit of 1192866846?
6
What is the millions digit of 424904534?
4
What is the units digit of 353905210?
0
What is the billions digit of 2758088593?
2
What is the millions digit of 27132486?
7
What is the ten thousands digit of 373730172?
3
What is the units digit of 85669389?
9
What is the tens digit of 22518452?
5
What is the ten millions digit of 399385632?
9
What is the thousands digit of 144590200?
0
What is the hundreds digit of 14131011?
0
What is the tens digit of 1418807270?
7
What is the units digit of 3684585250?
0
What is the ten thousands digit of 1394779273?
7
What is the hundreds digit of 457344143?
1
What is the millions digit of 47907001?
7
What is the hundred thousands digit of 4479029055?
0
What is the tens digit of 61622143?
4
What is the hundred thousands digit of 3597798828?
7
What is the hundred thousands digit of 24629274?
6
What is the hundred thousands digit of 410833112?
8
What is the units digit of 33603597?
7
What is the thousands digit of 17309806?
9
What is the ten millions digit of 755043176?
5
What is the thousands digit of 38249706?
9
What is the hundred millions digit of 1191545743?
1
What is the ten thousands digit of 402568542?
6
What is the thousands digit of 9956832?
6
What is the units digit of 6970525?
5
What is the units digit of 66120392?
2
What is the tens digit of 411463320?
2
What is the units digit of 2637710562?
2
What is the hundreds digit of 3536994?
9
What is the thousands digit of 202629678?
9
What is the ten thousands digit of 50318153?
1
What is the hundreds digit of 278768921?
9
What is the hundred thousands digit of 312585627?
5
What is the tens digit of 1925373080?
8
What is the tens digit of 61860926?
2
What is the millions digit of 137217919?
7
What is the hundred millions digit of 1726782733?
7
What is the ten millions digit of 43888332?
4
What is the hundreds digit of 7174388733?
7
What is the millions digit of 1876135076?
6
What is the hundreds digit of 635574448?
4
What is the hundred millions digit of 111392486?
1
What is the units digit of 262793577?
7
What is the thousands digit of 73620012?
0
What is the ten millions digit of 3249801627?
4
What is the ten thousands digit of 3539528152?
2
What is the millions digit of 1659972299?
9
What is the ten thousands digit of 3794574265?
7
What is the tens digit of 1982966319?
1
What is the thousands digit of 680088846?
8
What is the hundred millions digit of 317895184?
3
What is the ten thousands digit of 268509689?
0
What is the tens digit of 30913756?
5
What is the hundred thousands digit of 1000918401?
9
What is the hundreds digit of 249784892?
8
What is the units digit of 1502270645?
5
What is the millions digit of 906321468?
6
What is the thousands digit of 1808328349?
8
What is the ten thousands digit of 397623254?
2
What is the units digit of 295073739?
9
What is the ten thousands digit of 100582645?
8
What is the ten thousands digit of 3113776430?
7
What is the ten millions digit of 73502850?
7
What is the units digit of 786050919?
9
What is the ten millions digit of 216298793?
1
What is the units digit of 400898220?
0
What is the hundreds digit of 41058383?
3
What is the tens digit of 311439399?
9
What is the tens digit of 6439681?
8
What is the ten millions digit of 313585844?
1
What is the thousands digit of 204590706?
0
What is the hundred thousands digit of 5465746876?
7
What is the millions digit of 817360290?
7
What is the ten thousands digit of 389257169?
5
What is the millions digit of 113726234?
3
What is the billions digit of 4021241932?
4
What is the hundred thousands digit of 2992264017?
2
What is the hundreds digit of 561928187?
1
What is the tens digit of 728550926?
2
What is the millions digit of 680814158?
0
What is the tens digit of 1063295754?
5
What is the units digit of 511108077?
7
What is the units digit of 62194012?
2
What is the ten millions digit of 326746681?
2
What is the millions digit of 85966122?
5
What is the tens digit of 1282855877?
7
What is the ten millions digit of 30680276?
3
What is the ten thousands digit of 685340474?
4
What is the hundreds digit of 88314530?
5
What is the hundred thousands digit of 24464151?
4
What is the ten millions digit of 26796460?
2
What is the units digit of 142663179?
9
What is the thousands digit of 689811619?
1
What is the hundreds digit of 325940776?
7
What is the units digit of 1720156047?
7
What is the tens digit of 43536722?
2
What is the hundred millions digit of 197923730?
1
What is the thousands digit of 121472019?
2
What is the ten millions digit of 2721008006?
2
What is the hundreds digit of 3140029893?
8
What is the millions digit of 258649015?
8
What is the units digit of 14019535?
5
What is the hundred thousands digit of 647169480?
1
What is the thousands digit of 867910145?
0
What is the hundreds digit of 708157641?
6
What is the hundreds digit of 10545732?
7
What is the millions digit of 31503082?
1
What is the millions digit of 91370172?
1
What is the hundreds digit of 1978477?
4
What is the thousands digit of 165109771?
9
What is the billions digit of 4865428456?
4
What is the units digit of 78054040?
0
What is the hundreds digit of 308825737?
7
What is the ten millions digit of 52